)?
1
Suppose -6*g = 114 + 18. What is the hundreds digit of 6/(-11) - 9846/g?
4
Suppose -18*g = -129351 - 243051. What is the units digit of g?
9
Let b = 4190 + -2102. Let j = b + -706. What is the units digit of j?
2
Let g = -363 + 391. Suppose 0 = -4*h - 3*q + 2675, -g*h + 31*h - 2001 = -4*q. What is the tens digit of h?
7
Let t(x) = x**3 - 13*x**2 + 11*x + 14. Let g be t(12). Suppose 0 = -g*a + 200 + 200. What is the tens digit of a?
0
Suppose 7 = h + r, 0*h = 2*h - 4*r - 2. Suppose 4*b - 2*k - 5 = h*b, -4 = k. Suppose -6*x + 693 = b*x. What is the units digit of x?
7
Suppose -38*h + 1456250 - 208178 = 0. What is the tens digit of h?
4
Let u(n) = -96*n - 6. Suppose j - 5 = 0, -4*m - j = -6*j + 29. What is the tens digit of u(m)?
9
Let k = -9445 - -11475. What is the hundreds digit of k?
0
Let g = 44975 + 18427. What is the thousands digit of g?
3
Suppose 0 = -4*u + 2*w - 492, 3*u + w + 382 = -4*w. Let r = u - -269. What is the units digit of r?
5
Suppose r - 4 = x, -9*x + 10*x + 3 = 0. What is the units digit of (r*-3)/((-55)/110)?
6
Let g = 326 + -159. Let t = g - -133. What is the units digit of t?
0
Let r = 14331 - -15561. What is the hundreds digit of r?
8
Let l be 530 + 4/2*-1. Suppose -2*d = m + 327, -5*d + 8513 = -36*m - 3490. Let f = m + l. What is the units digit of f?
5
Let d(r) = 7*r**2 + 8*r + 12. Suppose -18 = -t - 2*s, -5*t + 3*s + 62 = -80. Suppose -2*w = 2*g + 2, 5*w + t = -0*w + 2*g. What is the units digit of d(w)?
2
What is the ten thousands digit of 18/((-144)/(-103096))*1?
1
Let b be 4/20*2 - 128/(-5). Suppose b*l + 1258 = 28*l. What is the tens digit of l?
2
Let g be -15*2*(-5)/25. Suppose g*k = -0*k - 456. Let w = -44 - k. What is the tens digit of w?
3
Suppose -50*p - 118601 = -999201. What is the units digit of p?
2
Let s(q) = -50*q**3 + 1. Let r be s(-1). Suppose -3683 = -r*y + 13555. What is the hundreds digit of y?
3
Suppose -172639 = -5*d + 3*y + 117608, d + 5*y = 58083. What is the ten thousands digit of d?
5
Let n = -167 + 293. Suppose -104*s + 105*s + n = 0. Let y = -121 - s. What is the units digit of y?
5
Suppose -x + 5*c = -16162, 4*x - 13*c + 11*c - 64522 = 0. What is the units digit of x?
7
Suppose 0 = 5*t - 5, -2*h + 26 = -3*t - 9. Suppose 299 = h*q - 27783. What is the units digit of q?
8
What is the thousands digit of -957*6*(-22)/18?
7
Suppose 4*h = -4*z + 496, -h = -z + 158 - 28. Suppose -4*v - 268 = d - 5*d, -d + 335 = -5*v. Let s = v + z. What is the units digit of s?
0
Suppose -992*t + 997*t - 5*i - 269795 = 0, 3*i + 215842 = 4*t. What is the hundreds digit of t?
9
Let x(n) = 17*n + 6. Let k(p) = 3*p. Let l(i) = -4*k(i) + x(i). Let s = -9 - -9. What is the units digit of l(s)?
6
Suppose -5*g = -g. Suppose y - 2*p + 127 - 329 = g, -5*y + 1010 = 5*p. What is the hundreds digit of y?
2
Let u = 26924 - 13148. What is the hundreds digit of u?
7
What is the ten thousands digit of (-6 + 7)/((-1)/(-13017))?
1
Suppose -4220*s = -2099*s - 2100*s - 317814. What is the ten thousands digit of s?
1
Suppose 0 = -2*t - 6, 239*y + 5*t - 33135 = 234*y. What is the units digit of y?
0
Let i(m) = -5 + 0*m + 16*m - 11 + 901*m**2 + m. What is the tens digit of i(1)?
0
Let g(r) = -4*r - 25. Let a be g(-10). Let l = a - 13. Suppose -l*s - 2*n + n + 15 = 0, 4*n + 70 = 5*s. What is the units digit of s?
0
Let o = 117 - -393. Suppose 16*b - 9058 = o. What is the tens digit of b?
9
Let t(s) = -s**3 + 6*s**2 - 4*s + 27. Let w be t(6). Suppose g - 10 = 5*y, 0 = -0*g + w*g + y - 78. What is the tens digit of g?
2
Suppose -n - 11*n + 142311 = -130077. What is the tens digit of n?
9
Let w = -8852 - -12984. What is the thousands digit of w?
4
Let t be ((-1)/2 + 8/(-16))*-15. Suppose -20*k + 930 = -t*k. Let o = k + -61. What is the units digit of o?
5
Let g = 166 - 157. Suppose 70 = -5*c + 610. Suppose g*z - c = 5*z. What is the units digit of z?
7
Let z be (-1)/3 + (-910)/(-30). Suppose -5*r = 2*i - z - 1, -3*i = -5*r - 9. Let t(v) = 9*v - 1. What is the tens digit of t(i)?
7
Let p be (1602/(-12) + 2)*-8. Suppose -3*c + 6*o + 1067 = 8*o, -5*o + p = 3*c. What is the tens digit of c?
5
Suppose -x = 4*z + 2, 2*z - 4*z - 6 = 3*x. What is the tens digit of 2184/14*x/(-1)?
1
Suppose -4*u = 22*l - 17*l - 117673, 0 = -3*u - 3*l + 88251. What is the hundreds digit of u?
4
Let m = -56 + 59. Suppose m*s - 1081 = -22. What is the tens digit of s?
5
Let g be ((-11)/(-22))/((-2)/76). Let d = g - -31. Suppose 0 - 4 = -2*o - 4*t, d = -4*t. What is the units digit of o?
8
Let j = 19911 - 9655. What is the units digit of j?
6
Suppose -109 = -4*r + 5*a, a = 2*a + 5. Let z = 66 + r. Suppose 5*o - 272 = -z. What is the tens digit of o?
3
Let o be (-1 - (-4 - 2)) + -32 - -5. What is the units digit of 17510/18 - o/99?
3
Let m be 340*11*4/16. Let x = m - -360. Suppose 2*d = 7*d - x. What is the tens digit of d?
5
Let r(g) = 2*g**3 - 5*g**2 - 2*g - 4. Let m be r(4). Suppose 0 = h + h - 38. Let d = m - h. What is the units digit of d?
7
Let z = -35176 + 49797. What is the tens digit of z?
2
Let k(b) = -4219*b - 484. What is the units digit of k(-5)?
1
Let q(v) be the second derivative of 2*v**3 + 13*v**2 - 13*v - 5. What is the hundreds digit of q(19)?
2
Let k(c) = 194*c**2 + c - 2. Let o be k(1). Let t = o - 45. What is the units digit of t?
8
Let n = 54 + -152. Let d be (-1602)/(-10) + (-33)/165 + -9. Let b = d + n. What is the tens digit of b?
5
Suppose 2*w = -5*a - 11, 2*a + 2*w = a - 7. Let n(k) = 91*k + 8. Let y be n(a). Let i = 143 + y. What is the units digit of i?
0
Let r = -456 + 461. Let o(q) = 199*q + 38. What is the tens digit of o(r)?
3
Suppose -6*u - 2*u + 16 = 0. Suppose -u*p = -2*k - 166, -3*p - 6*k = -7*k - 251. What is the units digit of p?
4
Let i be 66/4*(1 + (-22)/6). Let v = 83 + i. What is the tens digit of v?
3
What is the tens digit of 84/14 + -24 - -5755?
3
Suppose 132210 = 26*b - 205504. What is the ten thousands digit of b?
1
Let m = 40155 - 17321. What is the hundreds digit of m?
8
Suppose 0 = 4*t - 4*l + 4 - 8, -5*t = -3*l - 9. Let v(r) = 46*r**3 - 14*r**2 - 8*r + 4. What is the thousands digit of v(t)?
1
Let t(h) = h**2 - 19*h + 2. Let m be t(19). Let k be 209*((2 - m) + 1). Suppose -5*u - 4*p + k = 0, 3*p - 168 = -3*u - 45. What is the tens digit of u?
4
Suppose -30*g - 10*g + 79163 + 3362357 = 0. What is the tens digit of g?
3
Let f(p) = p**2 - 12*p + 552. Let n be (1 + -1)*35/175. What is the units digit of f(n)?
2
Suppose 0 = n + 10*n - 17952. Suppose -13*y = -y - n. What is the hundreds digit of y?
1
Let f be ((1677/6)/(-1))/(2/(-4)). Suppose f = -15*w + 16*w. What is the units digit of w?
9
Let n(c) = -149*c + 7. Let l be n(-41). Suppose -172 = -8*d + l. What is the tens digit of d?
8
Suppose 16303 = 2*s + 3*l - 3704, 2*l - 6 = 0. What is the units digit of s?
9
Suppose -3*g - 16*i + 18*i = -24932, 0 = 4*g - 5*i - 33245. What is the units digit of g?
0
Suppose -32 = 8*t - 8. What is the units digit of ((6 - 4) + -361)/(3/t)?
9
Let s(b) be the second derivative of 2*b - 8 - 8/3*b**3 + 35/2*b**2. What is the tens digit of s(-12)?
2
Let h = 171 - 168. What is the thousands digit of h + (93*14 + -1 - -1)?
1
Let k be 52451/118*(-2)/(-1). What is the units digit of k - 12/(-18)*9?
5
Let p be 2 - -2 - 5 - -7. Suppose -10*y + 6512 = p*y. What is the tens digit of y?
0
Suppose 7*h + 90*h - 147570 = 240333. What is the tens digit of h?
9
Suppose -15 = -10*j + 135. Let k(x) = 31*x - 195. What is the tens digit of k(j)?
7
Let f(d) = -2*d**2 + 13*d - 12. Let s be f(7). Let q = s + 25. Suppose 0 = 2*v + v - q. What is the units digit of v?
2
Let n be (1 + -2)/((-4)/12). Suppose -40*f + 18 = -37*f. Suppose -v = -2*h - 69, 186 = n*v - 5*h + f*h. What is the tens digit of v?
6
Let o be (-18)/(-5) - (-21)/(-35). Suppose o*d = 4*u + 2783, -2*d - 5*u = -118 - 1768. What is the hundreds digit of d?
9
Let k(d) = 276*d**3 - 7*d**2 - 66*d + 315. What is the thousands digit of k(4)?
7
Let k be (322/315 - 2/9)*(-8460)/(-72). Let i = -1 + 1. Suppose i = -5*v + 5, 5*r - 2*v = 129 + k. What is the tens digit of r?
4
Let x = 7455 - 5259. What is the tens digit of x?
9
Let c = 100 + -112. Let n = c + 141. What is the tens digit of n?
2
Suppose 0 = -260*a + 589841 + 1432179. What is the thousands digit of a?
7
Let i = -772 + 1325. Let w = -794